isor of v and b.
25
Suppose 2*v - 153*o - 40 = -155*o, 2*o = 4*v - 80. Calculate the highest common divisor of 60 and v.
20
Suppose 0*n + 727 = -3*n - 5*a, a = -4*n - 975. Let y = n + 374. Calculate the greatest common divisor of y and 26.
26
Let d = 95 - 90. Suppose 3*f = 3*l - 35 - 88, d*f + 29 = l. Let r = 37 - 15. Calculate the highest common divisor of r and l.
22
Suppose 263*k - 257*k = -1380. Let s = -229 - k. Calculate the greatest common divisor of 13 and s.
1
Suppose 8 + 52 = 5*p. Suppose 0 = l + l - 5*a + 60, 5*l + 80 = -5*a. Let c be 324/63*(1 - l) + 0. What is the greatest common divisor of p and c?
12
Let n(q) = q**2 + 2*q + 9. Let g be n(-8). Let p = -29 + g. Let v = -638 + 646. What is the greatest common factor of p and v?
4
Let k(i) = -6240*i**3 - 2*i**2 - 59*i - 56. Let c be k(-1). Calculate the highest common divisor of c and 158.
79
Suppose -3*b + 150 = -3897. Calculate the greatest common divisor of 152 and b.
19
Let p = -3307 + 4720. What is the highest common factor of p and 18?
9
Let n(y) = 2*y**3 - 2*y**2 + 9*y + 37068. Let a be n(0). Calculate the greatest common factor of a and 12.
12
Let t(f) = -f**3 + 4*f**2 + 99*f + 5. Let s = -193 + 205. Let y be t(s). What is the highest common factor of 656 and y?
41
Let s(d) = -8*d - 44. Let b(i) = 16*i + 87. Let c(u) = -4*b(u) - 7*s(u). Let m be c(-6). What is the greatest common divisor of 664 and m?
8
Suppose 0 = -3*z + 4*v + v + 17, 17 = 5*z + 3*v. Suppose -249 = -z*c + p, -5*p - 495 + 180 = -5*c. What is the highest common factor of c and 155?
31
Suppose 518 = 69*o + 24 - 58. Calculate the greatest common factor of 1400 and o.
8
Suppose -4*d + 10 = o - 38, -4*d = -3*o - 32. What is the greatest common factor of 14333 and d?
11
Suppose -87*t - 54*t = -55*t - 41280. Calculate the highest common factor of 1312 and t.
32
Suppose -6*i = -27 + 9. Suppose -i*f = 3, f = -3*x + 3*f + 50. What is the greatest common divisor of 248 and x?
8
Suppose 2*z + 285 = i + 4*i, 0 = -3*i - 4*z + 145. What is the greatest common divisor of 4565 and i?
55
Let b = -67 + 131. Let v = b - 32. What is the highest common divisor of v and 176?
16
Let r = 168 + -84. Let a be (216/(-144))/((-2)/56). Calculate the greatest common factor of a and r.
42
Let q be -14*(12 - 352/28)*52/16. Calculate the greatest common divisor of q and 20072.
26
Let f = -19 + 78. Let s = f + -75. Let b be 4 - (2/(-8) - (-60)/s). Calculate the greatest common divisor of b and 184.
8
Let b be (-2204)/(-4 - -2) - 172/(-43). Let i = b - 357. Calculate the greatest common factor of i and 214.
107
Let t(g) = -42*g - 1208. Let c be t(-32). What is the highest common divisor of c and 612?
68
Suppose -69*d + x - 1794 = -73*d, 0 = 2*x - 4. Calculate the highest common divisor of d and 512.
64
Suppose -14*z - 14616 = -80*z + 10*z. What is the greatest common factor of z and 957?
87
Let y = -7443 + 7593. Calculate the highest common factor of 720 and y.
30
Let g(m) = -400*m - 6. Let b be g(2). Let u = 1386 + b. Suppose x = 1, 0 = 5*s + x - u - 686. Calculate the greatest common factor of 23 and s.
23
Suppose 0 = 12*b + 5021 - 16158 - 4607. What is the greatest common factor of b and 574?
82
Let l(s) = -85*s + 97. Let i be l(-3). Let d = i + -336. Calculate the greatest common factor of d and 336.
16
Suppose 2*g - 113*x + 114*x - 9 = 0, 3*g - 6 = x. What is the highest common factor of g and 174?
3
Suppose -14*l + 16177 = -13223. Calculate the greatest common factor of 2730 and l.
210
Let o(g) = 5*g**2 + 10*g - 4. Let v be o(-4). Let h be -18*-48*8/v. Calculate the highest common divisor of 12 and h.
12
Let y = -27 + 38. Let q(u) = 64*u - 433. Let j be q(9). Calculate the highest common divisor of y and j.
11
Let u = -13697 - -13935. Let z = -8 + 22. Calculate the greatest common factor of u and z.
14
Let r be (183/122)/(3/40). Let d be 1/(11/(-33))*r/(-6). What is the highest common divisor of 30 and d?
10
Suppose -3*d + 818 + 365 = -2*f, 5*d = -2*f + 1945. What is the highest common divisor of d and 23?
23
Suppose -24*q - 5*g = -28*q + 14464, -q + g = -3616. What is the greatest common factor of 32 and q?
32
Let p be 240 + 2/4 + (-9)/(-6). Let o be 2638/24 - (-7)/84. Calculate the greatest common factor of o and p.
22
Suppose 24 = v + v. Let x be (-4 + 7)*(-4)/6 - -10. What is the greatest common factor of x and v?
4
Suppose -666 = -5*p - 42*i + 20*i, -3*p + 254 = -5*i. Calculate the greatest common factor of 658 and p.
14
Let x = 31704 - 28485. What is the greatest common factor of 15 and x?
3
Let l(u) = -2*u**3 + 9*u**2 + 13*u - 10. Let m be l(-4). Suppose -3*x = 4*a - 1883, 3*a + m = x - 409. Calculate the greatest common factor of 25 and x.
25
Let u be (-1 + 0)/((-1)/26). Let l be (10/(-4))/((-13)/u). Suppose -l*p + 27 = 4*b, -4*p - 36 = 4*b - 8*b. Calculate the highest common divisor of 72 and b.
8
Let y(z) = 9*z**2 + 348*z + 232. Let h be y(-38). Let m = 3 - 1. Suppose m*d = 3*v + 51, 5*d = -5*v + 3*v + 118. Calculate the highest common factor of h and d.
4
Let g(i) = i**3 - 29*i**2 + 156*i - 33. Let q be g(22). What is the greatest common divisor of q and 22242?
11
Suppose 1995*h = 1974*h - 4343 + 47435. Calculate the greatest common divisor of 540 and h.
108
Suppose 0 = a - 4*y - 14, -3*y = -5*a + y + 54. Let u = 5 + -5. Suppose -2*k + 8 = u, 3*c + c - 4*k - 24 = 0. Calculate the greatest common factor of c and a.
10
Suppose 9*o = 4*o - 325. Let d = o + 66. Suppose 3*m = -c + 2, 0 = c - 0 + d. Calculate the highest common divisor of 5 and m.
1
Suppose -5*d + 0*d - 10 = 0. Let b be ((-52)/12 + -5)*15/d. Let x = 28 - 21. What is the highest common factor of x and b?
7
Let s = -21 - -24. Suppose -o = -s*o + 16. Suppose -5*i - v + 6 = 0, 0 = -4*i + 2*v + 2. Calculate the greatest common factor of i and o.
1
Suppose 0 = -3*k - 13 - 17. Let d be (12/k)/(6/(-170)). Calculate the highest common factor of 17 and d.
17
Let l = 2132 - 2126. Let z(b) = -b**3 - 2*b**2 - 9*b - 6. Let f be z(-6). Calculate the highest common factor of l and f.
6
Suppose -708 = -10*b - 708. Let h be (125 + b)*5*(-168)/(-200). Calculate the greatest common divisor of 150 and h.
75
Let y(s) = 3*s**2 + 61*s + 352. Let r be y(-28). Let f(j) = 2*j**2 + 7*j - 3. Let k be f(-5). Calculate the greatest common divisor of r and k.
12
Let l(y) = 46*y**2 + 12*y - 78. Let m be l(-9). Let t be m/255 + -4*(-3)/102. Calculate the greatest common factor of 77 and t.
7
Let i(g) = -g**3 + 49*g**2 + 102*g + 160. Let a be i(51). What is the greatest common factor of a and 448?
32
Let m = 4 - 6. Let k = m + 11. Suppose 2*s - 1 = 5*d, -d - 17*s + 13 = -13*s. What is the greatest common divisor of d and k?
1
Let a(p) = -25*p + 174. Let s be a(6). Suppose -138 = -2*g - 42. Calculate the highest common divisor of g and s.
24
Let c be 6/33 - 46/11. Let g be c/5*15/(-6). Let y be (g*(0 - 2))/(-1). Calculate the highest common divisor of 32 and y.
4
Let a(c) = -c**2 + 10*c + 2. Let p be a(9). Let k(v) = -v**3 + 8*v**2 + 39*v - 113. Let y be k(7). Calculate the greatest common divisor of p and y.
11
Suppose -105300 = -161*y + 56*y - 57*y. Calculate the highest common divisor of y and 5720.
130
Let v = -229 - -284. Let p = -25 + v. What is the highest common divisor of 165 and p?
15
Let r(k) = -7 + k**2 - 6*k - k + 2*k - 5. Let o be r(-6). Let l be (-5)/((-5)/4) - -50. What is the greatest common divisor of l and o?
54
Let y(a) = -324*a - 1576. Let w be y(-9). What is the greatest common divisor of w and 220?
20
Let x be -81*(-3 - 3*(20/(-3) + 6)). Suppose 0 = -0*g + 3*g + 4*y - 202, 2*g = -2*y + 136. Let j = x - g. What is the greatest common factor of 77 and j?
11
Suppose -23 + 15 = -4*n. Suppose z - w = 7, -3*z - n*z - w + 11 = 0. Let b be ((-10)/z)/(4/(-12)). What is the highest common factor of 2 and b?
2
Suppose 0 = 2*f - 5*f + 2*i + 31340, i = f - 10444. What is the greatest common divisor of 156 and f?
156
Suppose 1262421 - 673194 + 3116523 = 270*w. What is the greatest common divisor of 50 and w?
25
Let a(t) = -18*t + 856. Let u be a(46). Calculate the greatest common factor of 1484 and u.
28
Let v be (-56)/6*(-7107)/412. Let r(d) = 6*d - 57. Let w be r(21). What is the highest common factor of v and w?
23
Suppose 82*u - 62142 = 5016. Suppose -45 = -p - 2*j, -6*j + j = -15. C